 4)
13
Evaluate (15 - -2) + 1 - ((39 - 29) + -4).
12
Evaluate 15 - 11 - -13 - -3.
20
Calculate -7 + -1 - -7 - 13.
-14
51 - ((31 - -28) + -30)
22
What is the value of -19 - (4 + (-9 - 1) - (0 - 5))?
-18
What is the value of 66 + -68 - (1 + 1 + 0 - -8)?
-12
Evaluate 19 + -21 + 2 - 10.
-10
What is -22 + (-27 - (-60 + 25))?
-14
What is the value of -9 + 17 + -13 + 1?
-4
-7 - (7 - 9) - (-7 + -2)
4
7 + 0 - (32 + -37) - 33
-21
Calculate (0 - -3) + 685 + -711.
-23
What is (7 + -14 - -13) + -2?
4
Calculate (8 - 0) + -5 + (-21 + 20 - -18).
20
Calculate 8 + (-5 + -3 + (5 - 9) - 1).
-5
Calculate (10 - -6) + (-1 - (12 - 6)) + -8.
1
Calculate (-2 - -1) + (-546 - -578).
31
0 + 7 + 0 - (43 - 46)
10
Evaluate (5 - (1 - (-6 - -10) - -9)) + 8.
7
(3 - (4 - (-12 - -12) - 6)) + -13
-8
What is the value of -7 + -1 + 7 + (-6 - -3)?
-4
What is the value of -17 - -14 - (-9 - (-5 - (2 + -8)))?
7
What is the value of 3 + -4 + 1 + -12?
-12
Calculate -1 + -12 + (-13 - -4) + 8.
-14
Evaluate 506 + -510 + (4 - 1).
-1
What is the value of (31 - 55 - -23) + (0 - 12)?
-13
Evaluate (-47 - -50 - -4) + (-1 + 8 - -1).
15
-2 - (-6 - -3 - -7)
-6
Evaluate -5 + 4 + 2 - -1 - (35 - 17).
-16
Calculate 43 - (-7 + (-2 - -30)).
22
What is (4 + -6 - 10) + (5 - (-2 - 20))?
15
Evaluate (3 + -6 - 11) + (2 - -3).
-9
What is the value of 17 + -70 + 67 + (22 - 0)?
36
1 + -6 + (2 - (1 - 19))
15
Calculate 8 - (-4 + (20 - (1 + -1))).
-8
Evaluate 1 + (0 + (7 - -2) - 7).
3
Evaluate 6 + -36 - (-305 - -264).
11
What is 9 - 8 - (0 + -1 - (-10 - -6))?
-2
What is the value of -9 + (-23 + 25 + 2 + -13 - -1)?
-17
Evaluate (5 + 12 + -8 - 8) + -7 - 16.
-22
What is 0 + 2 - 7 - (-69 + 68) - 11?
-15
What is the value of 9 + -14 - ((5 - (-5 + 20)) + -2)?
7
What is the value of 3 - -8 - (3 - (7 - 16 - -7))?
6
What is the value of -9 + -17 + (7 + 1 - -2)?
-16
Evaluate (-7 - (-9 - 1)) + -20 + 4.
-13
2 - (-6 - -9) - 12
-13
What is the value of 256 + -234 + 0 + 3?
25
Calculate ((-12 - 0) + 8 - -11) + 2.
9
What is -8 + 9 + -9 - (5 - 2)?
-11
What is the value of -29 + (21 - -27 - 13)?
6
Calculate -3 + -3 + -4 + -4 + (30 - 21).
-5
What is the value of (-3 - (-11 + 3)) + -8 - -4 - -10?
11
Calculate (-1 - 2) + 20 + 3 + -12 + -13.
-5
What is -1 + -4 + -11 + 16?
0
Calculate -2 + (2 - 1) + 21 + -55 + 45.
10
Evaluate 5 - ((-13 - -9) + (3 - -2)).
4
Evaluate 4 + -4 + (-12 - -8) + 14 + -20.
-10
What is 33 + 2 + -36 + 16?
15
What is the value of -2 + (1 - (-4 + 1)) + -9?
-7
What is (13 - (-12 - 4)) + -19?
10
1 + -20 + -665 + 697
13
What is the value of (-22 - -11) + 1 + (-2 - 1)?
-13
-35 + 29 + (19 - 29)
-16
552 + -529 + (2 - 17)
8
What is the value of 2 + 2 - ((36 - -1) + -11)?
-22
What is -176 + 177 + (-6 - (1 + -2))?
-4
Evaluate (-29 - -30 - 9) + -10.
-18
Calculate (494 - 504) + 16 + 0.
6
15 + (4 + -9 - (6 + (-13 - -7)))
10
What is the value of (-86 - (5 - 46)) + (4 - -4)?
-37
-8 - (0 + (-7 - -7)) - (15 - -2)
-25
(11 - 8 - 3) + -1 - 4
-5
What is the value of (-52 - -78) + (1 - 0)?
27
What is 17 + 4 + 4 + -6 + -5?
14
What is 4 - (-2 + -2 - 8)?
16
-1 - (39 + -37) - (-1 - 4)
2
What is 3 + -44 + 2 + (127 - 113)?
-25
Evaluate 11 + (-15 + 20 - (-2 + 5)).
13
Calculate 15 + -20 - (7 - (6 + -2)).
-8
What is (-2 + 1 - -9) + -6 + (8 - -1)?
11
Calculate 28 + (-12 - -8) + -54.
-30
What is 1 - 17 - (14 + -42 + 0)?
12
What is the value of (24 + -2 + -4 - 0) + -5 - -7?
20
Evaluate -6 + (-9 - -16) + (-2 - -1).
0
(46 - 48) + 1 + -11
-12
Evaluate -6 + -4 + 21 + (0 - (-1 + 4)).
8
Evaluate 2 + 30 + -2 + (-157 - -150).
23
What is the value of 10 - -1 - (-14 + 10 + 4 + -5)?
16
What is the value of 13 + -19 + 8 - (0 + 13)?
-11
-6 + 11 + -3 + -4
-2
Evaluate -5 - ((-10 - -8) + (2 - 6)).
1
Evaluate (4 - (-3 + -4 - -17)) + (25 - 2).
17
What is the value of -28 + 5 + (29 - 12) - (0 + -26)?
20
Evaluate -14 - (-15 + 28 + -17 + 16).
-26
What is 9 + (-67 - -4) + 35?
-19
What is the value of -6 + 9 + 10 - (6 - (-1 + 2))?
8
What is (55 + -99 - (-7 - -1)) + 11?
-27
Calculate -2 + (8 + -18 - -10).
-2
45 + (-70 - -48) - (9 + 2)
12
Evaluate -5 + 31 + -21 + 9.
14
Evaluate 0 + 5 - 4 - (3 - (6 + -9)).
-5
What is the value of -8 - (-24 - (0 + -3 - -8))?
21
Calculate -3 + -8 + 15 + -3 + -1 + 4.
4
What is the value of (-81 + 61 - (19 - 0)) + 17?
-22
Calculate -4 - (-10 + -2 + 24).
-16
What is the value of -1 + -4 + (38 - 21) + (0 - -10)?
22
-2 - -5 - (-7 + 23)
-13
What is -10 + (1 - 10 - ((-37 - -70) + -26))?
-26
What is the value of 12 + (-10 - -5 - 1)?
6
What is 9 + (0 - 0) - (-85 + 106)?
-12
What is -120 + 124 - (-1 + 0)?
5
Evaluate -9 + 7 + (-3 - 0) + 1.
-4
-6 + (-7 - -1 - -2) - 4
-14
Evaluate 4 - -4 - 15 - -6.
-1
What is the value of (6 - (5 + -7) - 6) + -2?
0
What is 1014 - 1031 - (0 - -2)?
-19
What is 14 - (-5 - (-2 + 2 - 2 - 5))?
12
Evaluate -6 + 21 + (-7 - 3) + -11.
-6
Calculate (20 - 5 - 2) + (-6 - (7 + -13)).
13
What is the value of -15 + -14 + (-11 - 3) + 36?
-7
What is the value of -65 + 53 - (0 + -4)?
-8
Evaluate 2 + 8 - (-23 - -28).
5
What is the value of (-1 - 8) + (-15 - ((-1 - -13) + -18))?
-18
What is 16 + (-7 - -5 - 14)?
0
Calculate -1 + -12 - (-158 - -152).
-7
Calculate 5 - ((-11 - 10) + 11).
15
17 + -7 + (14 - 12)
12
What is the value of (3 + -22 - -4) + (9 - -6 - 8)?
-8
-8 - (-4 - 8) - (0 + -6)
10
What is the value of (-6 + -1 + (6 - 6) - -1) + 6?
0
What is (-4 - -14) + (-6 - 1)?
3
Evaluate -6 + 2 + -10 + (22 - 38).
-30
What is -1 + (-6 - (-3 + -10)) + -10?
-4
-4 + (-3 + -8 - -4) + 4
-7
Evaluate 19 - ((24 - 6) + -11 + -4).
16
Calculate 11 - (-11 - (3 + 0 + -3)).
22
(-4 - -3) + -1 + -9 + (22 - 12)
-1
What is the value of -4 + -6 - -29 - 11?
8
Evaluate -8 + 1 + (-2 - (4 - 8)) + 6.
1
Evaluate -3 - -21 - (14 + -7 + 2).
9
Evaluate (-11 - (10 + -17)) + 5.
1
Calculate -20 - ((1 + 4 - 5) + -9).
-11
What is -8 + 4 + 8 + 3 + -5 + 7?
9
What is the value of 4 + 4 + (-62 - -67) - -9?
22
What is 14 + (-18 + -14 - -14)?
-4
What is (20 - 5) + 15 + 15 + -31?
14
What is -9 + 6 + -20 + 3?
-20
Calculate 10 + (-9 - 32 - -24).
-7
12 + -1 - ((-2 - 18) + 24)
7
What is 158 + -156 - (8 - -1)?
-7
Evaluate -34 - (-146 - -125 - (-3 + -12)).
-28
Evaluate -36 + 35 - (-1 + (-5 - -3)).
2
What is -30 + 33 + (-5 - (3 + -10))?
5
Evaluate -3 - 1 - (20 - (8 + (-10 - -1))).
-25
What is 2 + 0 - (-36 + (13 - (-5 + 1)))?
21
What is the value of -6 - (2 - 5 - ((-1 - -19) + -29))?
-14
What is -157 + 140 - (-2 - -3)?
-18
Calculate (-8 - 6 - -7) + -22 + 22.
-7
What is 33 - (19 + 2 - 2)?
14
What is -7 + 7 + 0 - 7?
-7
What is the value of (-1 - (4 + 10)) + (1 - -5)?
-9
Calculate -44 - (-14 + 23 + -16) - -16.
-21
Calculate -3 + (-7 - (6 + -13) - 6).
-9
What is the value of 74 + -71 + (-1 - 7)?
-5
What is the value of -3 + -3 + -22 + (-15 - -35)?
-8
What is the value of (-20 - (-5 - 10)) + 2 + 8?
5
3 - 34 - (509 - 519)
-21
Calculate (-8 - 0) + 21 + -10.
3
Calculate (-3 - (-10 + (1 - -5))) + 9.
10
12 - (-2 - -5 - -11)
-2
What is the value of -19 + (21 - 16) + 26?
12
What is the value of (-2 - (13 + -1)) + (581 - 567)?
0
Evaluate 80 + -111 + (40 - 4).
5
Calculate 1 + 33 + -314 + 295.
15
What is 28 + -26 - (3 + (-18 - (-1 - 0)))?
16
13 + -2 + (-3 - -2) + -5
5
(2 - 4) + 3 - (-29 + 51 + -13)
-8
-10 + 35 - (-12 + 15) - -2
24
Evaluate 0 - (0 - (-5 + 8)).
3
Evaluate (2 - 3 - (-97 - -93)) + 5.
8
-5 + (4 - ((3 - 7) + 12 + -7))
-2
Calculate 4 + (-8 - -7) + -1.
2
Calculate -21 + 8 + (4 - 2) + 42 - 1.
30
Evaluate 10 + -2 + 13 + -17.
4
(-14 - (2 - 8)) + (5 - (-4 - -12))
-11
Calculate 0 + 1 - 3 - (-494 + 498).
-6
What is the value of (2 - 0 - -5) + (-44 - -43)?
6
What is -5 + (1 - 17) + (24 + -43 - -20)?
-20
Calculate (1 - (-12 - -22)) + 31.
22
What is the value of -3 + (8 - 16 - -4) - -10?
3
-1 + -7 + (-29 - -14 - -17)
-6
Calculate (4 - 10) + 63 + -80.
-23
Calculate 24 - (-8 + 1 + -12 - -10).
33
Calculate (-2 - (-14 + 4)) + 79 + -68.
19
Calculate 5 + 4 + (7 - 14 - 1).
1
-11 + (-7 + -2 + 2 - 0 - -8)
-10
Calculate 1 + -1 + (55 - 36).
19
What is 20 + (-8 - (24 - 15))?
3
Evaluate (-8 - 6) + 5 + -6.
-15
Evaluate -11 + (51 - 33 - (-2 + 5 + -9)).
13
-47 + 27 + (-3 - (1 + 0 - 1))
-23
Calculate -99 + 105 - (-13 + (-1 - -2)) - 8.
10
What is the value of 5 + -22 + 14 - ((-4 - 2) + 0)?
3
Evaluate (29 - (54 + -17)) + -4 + (-2 - 0).
-14
-17 + (1 + 13 - -1)
-2
What is the value of 57 - 39 - (-46 - -50)?
14
Calculate 8 + -11 - 